(-5)/(-3))/5*3?
0
Suppose 0 = -i - 3*i - 16, -5*x = 2*i + 18. What is the remainder when 9 is divided by (-30)/x*(-4)/(-10)?
3
Suppose 48 = m + 7*m. Suppose 5*g = -0*g + 25. Let f = -1 + g. What is the remainder when m is divided by f?
2
Let s = -32 + 53. Calculate the remainder when s is divided by 1/(-1)*(-1 - 10).
10
Let u = 52 - -24. Calculate the remainder when u is divided by 26.
24
Let d be ((-2)/4)/(3/(-6)). Calculate the remainder when d/1*(-1 - -2) is divided by 1.
0
Suppose -5*z = -z - 12. Let y(m) = -8*m**3 + m**2 + m. Let h(j) = -j**2 + 5*j - 5. Let n be h(4). Calculate the remainder when y(n) is divided by z.
2
Let t(i) = i**2 + 3*i. Calculate the remainder when 54 + -1 + (3 - 4) is divided by t(-6).
16
Suppose -3*a + a - 160 = 5*x, -5*a = 4*x + 400. Calculate the remainder when 15 is divided by (a/(-25))/((-2)/(-5)).
7
Let v(r) = r**2 - 3*r + 1. Let m be v(3). What is the remainder when 238/(-28)*2*-2 is divided by m/(2*(-1)/(-36))?
16
Suppose -x - 4*a = 2*x + 6, -3*x - 2*a = 0. What is the remainder when x is divided by 2?
0
Suppose 0 = -3*y + 60 - 9. Suppose 4*b + a - 38 = 0, -5*b = 5*a - 53 + 13. Calculate the remainder when y is divided by b.
7
Let s = 3 - 1. Let k = 60 + -41. What is the remainder when k is divided by ((-2)/(-4))/(s/40)?
9
Suppose -5*j + 4*w + 49 = 0, 5*j - 2*w = 9 + 38. Suppose 3*i + 696 = i. What is the remainder when i/(-10) + 1/5 is divided by j?
8
Let l = 13 + 1. Suppose 54 - l = 2*s. What is the remainder when s is divided by (7/2)/((-1)/(-2))?
6
Let y(w) = -4*w + 1. Suppose 0 = 5*q - 2*n - 8, -5*q + 15 = -n + 6*n. Let x = 9 - q. What is the remainder when y(-3) is divided by x?
6
Suppose 4*h - 64 = -4*y, -7*y + 5*y + 3*h = -42. Let z = 158 + -148. What is the remainder when y is divided by z?
8
Let k = 4 - 3. What is the remainder when 2 is divided by ((0 + 1)/1)/k?
0
Suppose -r - 3*u = 2*r - 45, 0 = -r - 3*u + 11. What is the remainder when r is divided by 9?
8
Let j(a) = -2*a - 4. Let d be j(-4). Suppose 18 - 90 = -d*n. What is the remainder when 34 is divided by n?
16
Suppose 11*g - 15*g = -96. What is the remainder when 95 is divided by g?
23
Let y = -229 - -93. What is the remainder when (-1)/3 + y/(-3) is divided by 23?
22
Let f(i) = -7*i**3 - 2*i**2 - 3*i + 3. Let l be f(2). Let t = 112 + l. What is the remainder when t is divided by 12?
9
What is the remainder when 46 is divided by ((-6)/(-18))/(2/72)?
10
Suppose -5*g - 4*x + 122 = 0, 15 - 135 = -5*g - 5*x. Calculate the remainder when g is divided by 7.
5
What is the remainder when 68 is divided by (-1 - 1*31)*(-72)/96?
20
Let p be (-3)/(6/4 - 0). Let h(q) be the first derivative of q**3 - q**2/2 + q - 19. Calculate the remainder when 28 is divided by h(p).
13
Let t(l) = l**2 + 2*l + 4. Suppose -4*p + 0*p + q + 188 = 0, -112 = -2*p + 5*q. What is the remainder when p is divided by t(-4)?
10
Let w be ((-4)/6)/((-12)/234). Let k(q) = q + 2. Calculate the remainder when k(w) is divided by 6.
3
Let f = -4 - -10. What is the remainder when 2 - (1*-10 + 1) is divided by f?
5
Let a(l) = 3*l**2 - 6*l + 10. Let u be a(7). Let x = u - 82. Let c = 70 - x. Calculate the remainder when c is divided by 10.
7
Suppose -4*a = -0*a + 16, 5*a + 200 = 4*b. Calculate the remainder when b is divided by 12.
9
Suppose 5*i = -0*i + 15. Let f(q) = q**2 - 3*q + 4. Suppose -12 = -l - b + 3, l - 5*b + 9 = 0. Calculate the remainder when l is divided by f(i).
3
Let g(f) = f**3 + 7*f**2 + 6*f + 2. What is the remainder when 85 is divided by g(-5)?
19
Let m be 1 - (-3)/((-9)/(-24)). Suppose -3*f = -h - h - m, -11 = 4*f + 5*h. Let c(l) = 2*l + 3. What is the remainder when f is divided by c(-1)?
0
Suppose 3*s - 3*t = -2 - 7, 0 = 4*s - 5*t + 13. Let a = s + 67. Suppose -a = 5*o - 340. Calculate the remainder when o is divided by 19.
17
Let d(v) = 12*v**3 + 2*v**2 - 2*v + 1. Let i = -4 - -5. Let m be d(i). Suppose m = -o + 2*o. What is the remainder when 38 is divided by o?
12
Let n be 53/2 + 1/2. Suppose 0 = x - 4*x + n. What is the remainder when 31/2 - 3/(-6) is divided by x?
7
Let m(i) = -i**3 + 2*i**2 + 2*i - 2. Let z be m(2). Calculate the remainder when 90 is divided by -2 - z/(6/(-75)).
21
Suppose f = -3*f + 8. Suppose -f*k + 15 = -17. What is the remainder when k is divided by 6?
4
Let c(b) = -5 + 0 - 3*b + 5*b. Suppose -4*o - x + 24 - 7 = 0, -5*o + 40 = -5*x. What is the remainder when 13 is divided by c(o)?
3
Let x = 27 + -44. Let s = x + 35. What is the remainder when s is divided by 5?
3
Calculate the remainder when 28 is divided by 8 - (-7 - -3)/4.
1
Suppose -3 - 2 = 5*m, 3*r = 4*m + 49. Let n(x) = 13*x + 4. What is the remainder when n(3) is divided by r?
13
Let c(q) be the second derivative of -q**4/12 - 2*q**3 + 7*q**2 - 2*q. Calculate the remainder when c(-11) is divided by 14.
11
Suppose -8*q = -20*q + 1056. What is the remainder when q is divided by 10?
8
Suppose 22 = 3*k - 14. Calculate the remainder when 34 is divided by k.
10
Suppose -2*k + 10 = 3*k. Suppose -5*q + k*r = r - 23, 6 = 3*r. Suppose -q*s + 2*l + 70 = 7*l, -2*l - 63 = -5*s. What is the remainder when 37 is divided by s?
11
Suppose -3*i - t - 10 = 4*t, i + 3*t = -2. Let q = 8 + i. Calculate the remainder when 8 is divided by q.
2
Suppose -6*i = -2*i - 24. Suppose 44 = 4*f - 16. What is the remainder when f is divided by i?
3
Let r = 64 + -111. Let d = -21 - r. Calculate the remainder when d is divided by 9.
8
Let n = 131 - -58. Calculate the remainder when n is divided by 24.
21
Suppose -96 = -5*w + 19. Calculate the remainder when w is divided by (-2)/(-9) + 230/18.
10
Let p(d) = d + 22. What is the remainder when 116 is divided by p(-13)?
8
Let y(p) = -2*p - 1. What is the remainder when 50 is divided by y(-7)?
11
Let i be ((-42)/35)/(2/5). Calculate the remainder when 8 is divided by i/(-2 + -1) - -2.
2
Let v be 1*0/((-4)/(-2)). Suppose 4*c - 2*c - 32 = v. Let b = 147 - 100. Calculate the remainder when b is divided by c.
15
What is the remainder when 160 is divided by (-162)/(-4 + -2)*2?
52
Let u = 10 + -4. Calculate the remainder when 17 is divided by u.
5
Let c(u) = u**3 + 7*u**2 + 1. Let a be c(-7). Let y be 3 + (a - (-9)/(-3)). Calculate the remainder when 16 is divided by (2 - 1)/(y/6).
4
Let f = 10 - 22. Calculate the remainder when 7 is divided by f/(-5) + 8/(-20).
1
Let a be 1/(((-8)/(-4))/124). Let q = a + -36. What is the remainder when 51 is divided by q?
25
Suppose -z = -4*y - 0*z - 310, -4*y - 316 = 2*z. What is the remainder when 90 is divided by (y/9 - -1)*-3?
21
Let z = -263 - -371. What is the remainder when z is divided by 56?
52
Let h be (-60)/4*8/(-6). Let m = h - -9. What is the remainder when m is divided by 15?
14
What is the remainder when 71 is divided by (327/15 - -2) + 3/15?
23
Let l = 0 + 8. Let r(n) = -3*n - n - n**3 - l*n**2 + n + 1. What is the remainder when r(-8) is divided by 9?
7
Suppose -2*v - 4*b + 18 = -0*v, 27 = 3*v - b. Calculate the remainder when (0 + 3)*5 + 0 is divided by v.
6
Let i be 323/4 + (-6)/(-24). Let c = i + -49. What is the remainder when 4 is divided by c/12 + (-1)/(-3)?
1
Let z = -7 + 25. Suppose -3*p - n = -4 - 6, -5*p + z = 2*n. Let b(x) = -x**3 - 6*x**2 - 5*x + 2. Calculate the remainder when b(-5) is divided by p.
0
Let t(n) = -5*n**3 + 4*n**2 + 4*n - 9. Let s(q) = -4*q**3 + 3*q**2 + 4*q - 8. Let x(j) = 7*s(j) - 6*t(j). What is the remainder when 17 is divided by x(2)?
7
Suppose -48 = -5*q - 4*l, q + l - 9 = -0. What is the remainder when 18 is divided by q?
6
Suppose -2*x = x - 6. Let m = x - -1. Suppose -15 = -s - 3*i, s - m*i = 5*s - 51. Calculate the remainder when 23 is divided by s.
11
Let c be (1 + 18)*(-11 + 8). Let t = -35 - c. Let g = t - 1. What is the remainder when 62 is divided by g?
20
Let d(x) = x**3 - 2 - 4*x - 6*x**2 + 0*x + 2*x. Let r be d(4). Calculate the remainder when 52 is divided by (6/2)/((-7)/r).
16
Let j = 69 + -54. Calculate the remainder when 42 is divided by j.
12
Let p(r) = -r**2 + 17*r - 18. Calculate the remainder when 83 is divided by p(14).
11
Let t(x) = x**3 + 6*x**2 - 2*x - 4. What is the remainder when t(-6) is divided by 5?
3
Let g = 9 - 6. Suppose -g*f = -11 - 4. What is the remainder when 18 is divided by f?
3
Suppose -p = 2*p - 4*h + 7, h + 11 = 5*p. Suppose -63 = -0*a - p*a. Calcul